 t(p) = -3*p**3 - 3*p**2 + p - 3. Let k be t(-3). Calculate the highest common factor of 240 and k.
48
Let f(m) = 17*m - 2. Let t be f(4). Let k be (t/8)/((-15)/(-40)). What is the highest common divisor of k and 154?
22
Suppose -8 = -6*o + 2*o. Suppose -o*a = -0*a - 44. What is the greatest common divisor of 44 and a?
22
Suppose 5*r - 99 = -3*i, i + 21 + 12 = 2*r. Calculate the highest common factor of r and 27.
9
Let z be (-3)/9*0*-1. Suppose 0 = -2*q - z + 18. Suppose -p + 52 = -29. Calculate the greatest common divisor of p and q.
9
Let b be (-3)/15*-5*13. Calculate the highest common divisor of b and 65.
13
Let c = -9 - -21. Calculate the highest common factor of c and 18.
6
Suppose 4*w - 196 = 24. Let n(u) = -u**2 + 9*u + 5. Let k be n(9). What is the greatest common divisor of k and w?
5
Let a be 48/2*2/4. Let z be 3 + 44/(-12) - 152/(-12). What is the highest common divisor of z and a?
12
Let m = 17 + -25. Let v(g) = g**3 + 8*g**2 - g + 3. Let j be v(m). Calculate the highest common divisor of j and 44.
11
Suppose -2*j - 6 = -z, 5*j - 29 = -0*z - 3*z. Let b(m) = 2*m - 3. Let k be b(z). Calculate the greatest common factor of k and 143.
13
Suppose 0 = 4*o - 20, 53 = 4*v + o + 4*o. Let b = -9 + 21. Let w = b - v. Calculate the highest common divisor of 45 and w.
5
Let z = 7 + -4. Let y = z + 3. Calculate the highest common divisor of 4 and y.
2
Let m be -4 - (-5 - (2 - -2)). What is the greatest common divisor of 55 and m?
5
Let t(p) = p - 1. Let n(r) = 7*r + 4. Let k(b) = -n(b) + 2*t(b). Let w be k(-6). What is the highest common factor of 96 and w?
24
Suppose 3*d = 4*a + 8, -4*d + d + 3 = -3*a. Let p = 31 + d. What is the highest common factor of 135 and p?
27
Let t be (-6)/(-21) - (-48)/(-21). Let a be (-2)/(-4)*(-4)/t. Suppose j = 3 + 2. Calculate the greatest common factor of a and j.
1
Suppose 50 = -4*r + 5*o + 246, -2*r = o - 112. What is the highest common divisor of 6 and r?
6
Let g be 40/18 + (-8)/36. Let d be ((-8)/(-10))/((-4)/(-10)). What is the highest common divisor of d and g?
2
Suppose 5*t + 12 = 6*t. Let s(x) = -2*x**3 + x**2 + 2*x + 3. Let v be s(-3). What is the greatest common divisor of t and v?
12
Let d(j) = -9*j + 1. Let x be d(-6). Suppose -3 = -2*a - 1. Let b(c) = 12*c - 1. Let h be b(a). What is the highest common factor of x and h?
11
Let q be (2/(-3))/(1/(-18)). What is the highest common factor of 60 and q?
12
Let x be (-224)/(-35) + (-6)/(-10). Let u be 4/14*(0 + x). Calculate the highest common factor of 6 and u.
2
Let l(a) = -a**2 - 15*a + 29. Let q be l(-12). What is the greatest common divisor of 26 and q?
13
Let i be (18/21)/((-1)/21). Let r = i - -29. What is the highest common divisor of r and 121?
11
Let r(x) = 0*x**3 - 1 + x**3 + 3*x - 6*x**2 + 3*x + 4. Let z be r(5). What is the highest common divisor of 32 and z?
8
Let g(l) = l + 1. Let o be g(2). Let w = 6 - 4. Suppose -w*s = o*s - 30. Calculate the greatest common divisor of s and 48.
6
Let g(k) = -4*k - 11. Let n be g(-7). What is the highest common divisor of 85 and n?
17
Let j(d) = 3*d**2 + 2*d - 4. Let y be j(4). What is the greatest common factor of 130 and y?
26
Let f = -7 + 10. Let z be -3 + f - 1*-2. Suppose 27 = i + z*i. What is the highest common divisor of 81 and i?
9
Let o be 6/33 - (-1380)/33. Let c = 70 - o. What is the highest common divisor of c and 4?
4
Let g(a) = -2*a**3 - 2*a**2 + 1. Let u be g(-1). Let i be 1*(-2 + 7) + u. Suppose i*p - 12 = 2*p. Calculate the highest common divisor of p and 12.
3
Let t(x) = -x**3 + 3*x**2 + 3*x + 3. Let l be t(3). Suppose -l*n = -14*n + 342. Calculate the highest common factor of n and 19.
19
Suppose 5*k - 4*h - 8 - 15 = 0, k = h + 5. Suppose -68 + 20 = -k*d. What is the greatest common factor of d and 144?
16
Let r = -43 - -105. Calculate the greatest common factor of 155 and r.
31
Let s be 20/(-13 - -8) - (0 - 28). Calculate the greatest common factor of 18 and s.
6
Suppose l = -4*l + 175. Let o = l + 16. Let z = 24 + -7. What is the greatest common factor of o and z?
17
Let d(j) = j**3 + 5*j**2 + 5*j + 8. Let r be d(-4). Let x = 81 - 38. Let k = 75 - x. What is the highest common divisor of k and r?
4
Let o = 5 - 6. Let f be (0/(o + -2))/2. Suppose -3*j - j + 8 = f. Calculate the highest common factor of j and 5.
1
Let y = 4 + -4. Suppose y = -2*t + 99 + 31. What is the highest common divisor of t and 13?
13
Let k(w) = -15*w + 15. Let n be k(-3). Let b be 8/(-6)*(-4 + 1). Suppose -g - 4*g + n = b*v, -g - 45 = -3*v. Calculate the highest common divisor of 60 and v.
15
Let l(k) = 30*k**3 + k**2 - k. Let r be l(1). Suppose -4*o + 210 = 170. Calculate the highest common factor of r and o.
10
Let b(s) = 6*s - 1. Let i be b(3). Let o = i - 5. What is the greatest common factor of o and 4?
4
Let v = 18 + -6. Suppose j = 4*u - u + 15, -2*u - 34 = -2*j. What is the greatest common factor of j and v?
6
Let m(j) = -2*j. Let g = -15 + 11. Let v be m(g). Let w be ((-9)/(-2))/(2/v). What is the highest common factor of 45 and w?
9
Let c(q) = -12*q. Let g be c(-2). What is the highest common factor of 16 and g?
8
Suppose -s = -0*s - 5*d - 24, 2*s + 5*d - 18 = 0. Calculate the greatest common factor of 14 and s.
14
Suppose 3*k - 176 = -4*n, 2*n = -3*k + 3*n + 151. What is the highest common factor of k and 416?
52
Let p = 14 + 0. Let n be 1*-2*14/4. Let w(b) = -b**3 - 7*b**2 - 5*b. Let m be w(n). Calculate the highest common factor of m and p.
7
Suppose 9 = 3*d, 5*s + d + 36 = 2*s. Let g = s - -29. Let v be g/10 + (-6)/(-15). Calculate the highest common divisor of v and 2.
2
Let z = -16 - -27. Calculate the greatest common divisor of 77 and z.
11
Let f(n) = -n**3 - 13*n**2 - 22*n + 24. Let r be f(-11). Calculate the highest common divisor of r and 36.
12
Suppose -q + 2*q + 5 = 0. Let p = q - -13. Let k be 2 + (-1)/1 - -1. Calculate the greatest common factor of p and k.
2
Suppose x + 2*x = 66. Suppose a + 26 - 59 = 0. What is the greatest common factor of a and x?
11
Suppose 4*s + 6*q = 4*q + 62, -4*s = 5*q - 77. What is the greatest common factor of 52 and s?
13
Let p(s) = 3*s**3 - s**2 + 3*s - 4. Let m be 0 - (-1 - 4/(-2)). Let y = 4 + m. Let x be p(y). What is the greatest common factor of 7 and x?
7
Let k be (-32)/(-4) - (1 + -4). What is the highest common divisor of k and 22?
11
Let w(l) = 41*l**2 - 2*l - 1. Let s = 3 - 4. Let d be w(s). Suppose 0 = 5*x + 4*c - 1 - 33, -x + 3*c = -3. Calculate the highest common divisor of d and x.
6
Suppose 5*r + 2*a - a = 335, -4*r + 244 = -4*a. Suppose -4*s = -w + 10, 2*s + 69 = 4*w - 13. What is the highest common factor of w and r?
22
Let r(v) = -3*v**3 - 2 + 17*v**2 + 2*v**3 + 14 - 15*v + 0*v**3. Let s be r(16). What is the greatest common divisor of s and 7?
7
Let a(s) = 2*s - 2*s**3 + 4*s + 3*s**3 + 3 + 3*s**2 - 2*s. Let f be a(-2). Let j be f*3 + 1701/7. Calculate the highest common divisor of 24 and j.
24
Suppose -2*z - 7 = -i, -13 = -2*i - 5*z + 19. What is the greatest common divisor of i and 11?
11
Let j(i) = 49*i**3 + i. Let o be j(1). Calculate the highest common factor of 10 and o.
10
Let w be -241 + (0 - -2) - 2. Let q = 881 - 478. Let p = q + w. What is the highest common factor of 18 and p?
18
Suppose 2*w = 1 + 3. Let b(j) = -j - 13. Let z be b(-17). Calculate the highest common factor of w and z.
2
Suppose -15 = 7*w - 2*w. Let f = 14 - w. Suppose -z - 2 = -3*z, 182 = a - 5*z. What is the highest common divisor of f and a?
17
Let z = 134 - 15. What is the highest common divisor of 17 and z?
17
Suppose -3*t - 3*n - 6 = -0*n, -32 = 4*t - 2*n. Let l(c) = c**2 + 3*c - 8. Let b be l(t). Calculate the greatest common factor of 5 and b.
5
Suppose 2*c - 9 = -c. Suppose 0 = -q + c*q - 8. Calculate the highest common factor of q and 1.
1
Suppose 4*p = 9*y - 4*y + 67, 54 = 3*p - 5*y. Calculate the highest common divisor of 13 and p.
13
Suppose -2*z = -3*b + 71, -z - 10 = -b + 13. What is the highest common divisor of b and 125?
25
Let g = 101 - 87. What is the greatest common divisor of g and 14?
14
Suppose -16 = -4*t, -4*t + 7*t - 42 = -3*i. Suppose 4*d = -34 - i. Let a = 1 - d. What is the greatest common divisor of 12 and a?
12
Suppose 0 = 3*p - 0*s - s - 701, -3*p + 706 = 4*s. Suppose -a - p = -3*a. Calculate the greatest common divisor of 13 and